{"id":1122,"date":"2018-09-17T15:07:44","date_gmt":"2018-09-17T13:07:44","guid":{"rendered":"https:\/\/www.omilia.de\/blog\/?page_id=1122"},"modified":"2019-04-02T15:01:50","modified_gmt":"2019-04-02T13:01:50","slug":"freie-taufe","status":"publish","type":"page","link":"https:\/\/www.omilia.de\/blog\/freie-taufe\/","title":{"rendered":"Kategorie Freie Taufe"},"content":{"rendered":"<\/div><\/div><\/div><!-- close content main div --><\/div><\/div><div id='angebote' class='avia-section main_color avia-section-default avia-no-border-styling avia-bg-style-scroll  angebote  av-medium-hide av-small-hide av-mini-hide container_wrap sidebar_right' style = 'background-image: '  ><div class='container' ><div class='template-page content  av-content-small alpha units'><div class='post-entry post-entry-type-page post-entry-1122'><div class='entry-content-wrapper clearfix'>\n<div style='padding-bottom:0px; color:#7ad3b1;font-size:36px;' class='av-special-heading av-special-heading-h3 custom-color-heading blockquote modern-quote modern-centered  headlinepartner av-inherit-size '><h3 class='av-special-heading-tag '  itemprop=\"headline\"  >Beitr\u00e4ge zum Thema <span class='special_amp'>&#8222;<\/span>Freie Taufe<span class='special_amp'>&#8220;<\/span>:<\/h3><div class='special-heading-border'><div class='special-heading-inner-border' style='border-color:#7ad3b1'><\/div><\/div><\/div>\n<\/div><\/div><\/div><!-- close content main div --><\/div><\/div><div id='after_section_1' class='main_color av_default_container_wrap container_wrap sidebar_right'   ><div class='container' ><div class='template-page content  av-content-small alpha units'><div class='post-entry post-entry-type-page post-entry-1122'><div class='entry-content-wrapper clearfix'>\n<\/div><\/div><\/div><!-- close content main div --><\/div><\/div><div id='angebote' class='avia-section main_color avia-section-default avia-no-border-styling avia-bg-style-scroll  angebote  av-desktop-hide container_wrap sidebar_right' style = 'background-image: '  ><div class='container' ><div class='template-page content  av-content-small alpha units'><div class='post-entry post-entry-type-page post-entry-1122'><div class='entry-content-wrapper clearfix'>\n<div style='padding-bottom:0px; margin-top:60px; color:#7ad3b1;font-size:36px;' class='av-special-heading av-special-heading-h3 custom-color-heading blockquote modern-quote modern-centered  headlinepartner av-inherit-size '><h3 class='av-special-heading-tag '  itemprop=\"headline\"  >Beitr\u00e4ge zum Thema <span class='special_amp'>&#8222;<\/span>Freie Taufe<span class='special_amp'>&#8220;<\/span>:<\/h3><div class='special-heading-border'><div class='special-heading-inner-border' style='border-color:#7ad3b1'><\/div><\/div><\/div>\n<\/div><\/div><\/div><!-- close content main div --><\/div><\/div><div id='after_section_2' class='main_color av_default_container_wrap container_wrap sidebar_right'   ><div class='container' ><div class='template-page content  av-content-small alpha units'><div class='post-entry post-entry-type-page post-entry-1122'><div class='entry-content-wrapper clearfix'>\n<\/div><\/div><\/div><!-- close content main div --><\/div><\/div><div id='blogtest' class='avia-section main_color avia-section-no-padding avia-no-border-styling avia-bg-style-scroll  blogtest  av-minimum-height av-minimum-height-custom container_wrap sidebar_right' style = 'background-image: '  ><div class='container' style='height:380px'><div class='template-page content  av-content-small alpha units'><div class='post-entry post-entry-type-page post-entry-1122'><div class='entry-content-wrapper clearfix'>\n<div  data-autoplay=''  data-interval='5'  data-animation='fade'  data-show_slide_delay='90'  class='avia-content-slider avia-content-grid-active avia-content-slider1 avia-content-slider-odd   '  itemscope=\"itemscope\" itemtype=\"https:\/\/schema.org\/Blog\" ><div class='avia-content-slider-inner'><div class='slide-entry-wrap'><article class='slide-entry flex_column  post-entry post-entry-1862 slide-entry-overview slide-loop-1 slide-parity-odd  av_one_third first real-thumbnail'  itemscope=\"itemscope\" itemtype=\"https:\/\/schema.org\/BlogPosting\" itemprop=\"blogPost\" ><a href='https:\/\/www.omilia.de\/blog\/freie-taufe\/ablauf-freie-taufe\/' data-rel='slide-1' class='slide-image' title=''><img width=\"495\" height=\"400\" src=\"https:\/\/www.omilia.de\/blog\/wp-content\/uploads\/2020\/11\/ablauf.freie_.taufe_.redner.mit_-495x400.jpg\" class=\"attachment-portfolio size-portfolio wp-post-image\" alt=\"\" loading=\"lazy\" \/><\/a><div class='slide-content'><header class=\"entry-content-header\"><h3 class='slide-entry-title entry-title'  itemprop=\"headline\" ><a href='https:\/\/www.omilia.de\/blog\/freie-taufe\/ablauf-freie-taufe\/' title='Ablauf einer freien Taufe'>Ablauf einer freien Taufe<\/a><\/h3><span class=\"av-vertical-delimiter\"><\/span><\/header><div class='slide-meta'><div class='slide-meta-comments'><a href='https:\/\/www.omilia.de\/blog\/freie-taufe\/ablauf-freie-taufe\/#respond'>0 Kommentare<\/a><\/div><div class='slide-meta-del'>\/<\/div><time class='slide-meta-time updated'  itemprop=\"datePublished\" datetime=\"2020-11-16T12:35:34+01:00\" >16. November 2020<\/time><\/div><div class='slide-entry-excerpt entry-content'  itemprop=\"text\" >\r\n\r\n\r\n\r\n\r\n\r\n\r\n\r\n\r\n\r\n<\/div><\/div><footer class=\"entry-footer\"><\/footer><span class='hidden'>\n\t\t\t<span class='av-structured-data'  itemprop=\"ImageObject\" itemscope=\"itemscope\" itemtype=\"https:\/\/schema.org\/ImageObject\"  itemprop='image'>\n\t\t\t\t\t   <span itemprop='url' >https:\/\/www.omilia.de\/blog\/wp-content\/uploads\/2020\/11\/ablauf.freie_.taufe_.redner.mit_.jpg<\/span>\n\t\t\t\t\t   <span itemprop='height' >466<\/span>\n\t\t\t\t\t   <span itemprop='width' >700<\/span>\n\t\t\t\t  <\/span><span class='av-structured-data'  itemprop=\"publisher\" itemtype=\"https:\/\/schema.org\/Organization\" itemscope=\"itemscope\" >\n\t\t\t\t<span itemprop='name'>Julia Leddin<\/span>\n\t\t\t\t<span itemprop='logo' itemscope itemtype='http:\/\/schema.org\/ImageObject'>\n\t\t\t\t   <span itemprop='url'>https:\/\/www.omilia.de\/blog\/svg\/logo.svg<\/span>\n\t\t\t\t <\/span>\n\t\t\t  <\/span><span class='av-structured-data'  itemprop=\"author\" itemscope=\"itemscope\" itemtype=\"https:\/\/schema.org\/Person\" ><span itemprop='name'>Julia Leddin<\/span><\/span><span class='av-structured-data'  itemprop=\"datePublished\" datetime=\"2018-11-19T11:48:24+01:00\" >2020-11-16 12:35:34<\/span><span class='av-structured-data'  itemprop=\"dateModified\" itemtype=\"https:\/\/schema.org\/dateModified\" >2020-12-09 17:40:49<\/span><span class='av-structured-data'  itemprop=\"mainEntityOfPage\" itemtype=\"https:\/\/schema.org\/mainEntityOfPage\" ><span itemprop='name'>Ablauf einer freien Taufe<\/span><\/span><\/span><\/article><article class='slide-entry flex_column  post-entry post-entry-1347 slide-entry-overview slide-loop-2 slide-parity-even  post-entry-last  av_one_third  real-thumbnail'  itemscope=\"itemscope\" itemtype=\"https:\/\/schema.org\/BlogPosting\" itemprop=\"blogPost\" ><a href='https:\/\/www.omilia.de\/blog\/freie-taufe\/taufe-symbole-rituale\/' data-rel='slide-1' class='slide-image' title=''><img width=\"495\" height=\"400\" src=\"https:\/\/www.omilia.de\/blog\/wp-content\/uploads\/2018\/11\/IMG-20180805-WA0006-495x400.jpg\" class=\"attachment-portfolio size-portfolio wp-post-image\" alt=\"\" loading=\"lazy\" srcset=\"https:\/\/www.omilia.de\/blog\/wp-content\/uploads\/2018\/11\/IMG-20180805-WA0006-495x400.jpg 495w, https:\/\/www.omilia.de\/blog\/wp-content\/uploads\/2018\/11\/IMG-20180805-WA0006-845x684.jpg 845w\" sizes=\"(max-width: 495px) 100vw, 495px\" \/><\/a><div class='slide-content'><header class=\"entry-content-header\"><h3 class='slide-entry-title entry-title'  itemprop=\"headline\" ><a href='https:\/\/www.omilia.de\/blog\/freie-taufe\/taufe-symbole-rituale\/' title='Individuelle Taufe: Tipps f\u00fcr wundersch\u00f6ne Rituale und Taufsymbole'>Individuelle Taufe: Tipps f\u00fcr wundersch\u00f6ne Rituale und Taufsymbole<\/a><\/h3><span class=\"av-vertical-delimiter\"><\/span><\/header><div class='slide-meta'><div class='slide-meta-comments'><a href='https:\/\/www.omilia.de\/blog\/freie-taufe\/taufe-symbole-rituale\/#respond'>0 Kommentare<\/a><\/div><div class='slide-meta-del'>\/<\/div><time class='slide-meta-time updated'  itemprop=\"datePublished\" datetime=\"2018-11-19T11:48:24+01:00\" >19. November 2018<\/time><\/div><div class='slide-entry-excerpt entry-content'  itemprop=\"text\" >\ufeff\ufeff\r\n\r\n\r\n\r\n\r\n\r\n\r\n\r\n\r\n\r\n\r\n\r\n\r\n\r\n<\/div><\/div><footer class=\"entry-footer\"><\/footer><span class='hidden'>\n\t\t\t<span class='av-structured-data'  itemprop=\"ImageObject\" itemscope=\"itemscope\" itemtype=\"https:\/\/schema.org\/ImageObject\"  itemprop='image'>\n\t\t\t\t\t   <span itemprop='url' >https:\/\/www.omilia.de\/blog\/wp-content\/uploads\/2018\/11\/IMG-20180805-WA0006-e1542537302221.jpg<\/span>\n\t\t\t\t\t   <span itemprop='height' >600<\/span>\n\t\t\t\t\t   <span itemprop='width' >800<\/span>\n\t\t\t\t  <\/span><span class='av-structured-data'  itemprop=\"publisher\" itemtype=\"https:\/\/schema.org\/Organization\" itemscope=\"itemscope\" >\n\t\t\t\t<span itemprop='name'>Julia Leddin<\/span>\n\t\t\t\t<span itemprop='logo' itemscope itemtype='http:\/\/schema.org\/ImageObject'>\n\t\t\t\t   <span itemprop='url'>https:\/\/www.omilia.de\/blog\/svg\/logo.svg<\/span>\n\t\t\t\t <\/span>\n\t\t\t  <\/span><span class='av-structured-data'  itemprop=\"author\" itemscope=\"itemscope\" itemtype=\"https:\/\/schema.org\/Person\" ><span itemprop='name'>Julia Leddin<\/span><\/span><span class='av-structured-data'  itemprop=\"datePublished\" datetime=\"2018-11-19T11:48:24+01:00\" >2018-11-19 11:48:24<\/span><span class='av-structured-data'  itemprop=\"dateModified\" itemtype=\"https:\/\/schema.org\/dateModified\" >2018-11-19 16:54:43<\/span><span class='av-structured-data'  itemprop=\"mainEntityOfPage\" itemtype=\"https:\/\/schema.org\/mainEntityOfPage\" ><span itemprop='name'>Individuelle Taufe: Tipps f\u00fcr wundersch\u00f6ne Rituale und Taufsymbole<\/span><\/span><\/span><\/article><\/div><\/div><\/div>\n<\/div><\/div><\/div><!-- close content main div --><\/div><\/div><div id='after_section_3' class='main_color av_default_container_wrap container_wrap sidebar_right'   ><div class='container' ><div class='template-page content  av-content-small alpha units'><div class='post-entry post-entry-type-page post-entry-1122'><div class='entry-content-wrapper clearfix'><\/div><\/div><\/div><!-- close content main div --><\/div><\/div><div id='blogtestmobile' class='avia-section main_color avia-section-default avia-no-border-styling avia-bg-style-scroll  blogtest  container_wrap sidebar_right' style = 'background-image: '  ><div class='container' ><div class='template-page content  av-content-small alpha units'><div class='post-entry post-entry-type-page post-entry-1122'><div class='entry-content-wrapper clearfix'>\n<div class=\"flex_column av_one_full  flex_column_div av-zero-column-padding first  \" style='border-radius:0px; '><p><section class=\"av_textblock_section  av-medium-hide av-small-hide av-mini-hide\"  itemscope=\"itemscope\" itemtype=\"https:\/\/schema.org\/BlogPosting\" itemprop=\"blogPost\" ><div class='avia_textblock  av_inherit_color '  style='font-size:18px; color:#939393; '  itemprop=\"text\" ><p>Beitr\u00e4ge nach Tags:<\/p>\n<p><span class=\"freietrauung\"><a href=\"https:\/\/www.omilia.de\/blog\/freie-trauung\/\">Freie Trauung<\/a><\/span> <span class=\"eheversprechen\"><a href=\"https:\/\/www.omilia.de\/blog\/eheversprechen-erneuern\/\">Eheversprechen erneuern<\/a><\/span> <span class=\"beerdigung\"><a href=\"https:\/\/www.omilia.de\/blog\/freie-beerdigung\/\">Freie Beerdigung<\/a><\/span> <span class=\"taufe\"><a href=\"https:\/\/www.omilia.de\/blog\/freie-taufe\/\">Freie Taufe<\/a><\/span> <span class=\"news\"><a href=\"https:\/\/www.omilia.de\/blog\/news\/\">News<\/a><\/span> <span class=\"ausbildung\"><a href=\"https:\/\/www.omilia.de\/blog\/ausbildung\/\">Ausbildung<\/a><\/span><\/p>\n<\/div><\/section><br \/>\n<section class=\"av_textblock_section  av-desktop-hide\"  itemscope=\"itemscope\" itemtype=\"https:\/\/schema.org\/BlogPosting\" itemprop=\"blogPost\" ><div class='avia_textblock  av_inherit_color '  style='font-size:18px; color:#939393; '  itemprop=\"text\" ><p>Beitr\u00e4ge nach Tags:<\/p>\n<p><span class=\"freietrauung\"><a href=\"https:\/\/www.omilia.de\/blog\/freie-trauung\/\">Freie Trauung<\/a><\/span><br \/>\n<span class=\"eheversprechen\"><a href=\"https:\/\/www.omilia.de\/blog\/eheversprechen-erneuern\/\">Eheversprechen erneuern<\/a><\/span><br \/>\n<span class=\"beerdigung\"><a href=\"https:\/\/www.omilia.de\/blog\/freie-beerdigung\/\">Freie Beerdigung<\/a><\/span><br \/>\n<span class=\"taufe\"><a href=\"https:\/\/www.omilia.de\/blog\/freie-taufe\/\">Freie Taufe<\/a><\/span><br \/>\n<span class=\"news\"><a href=\"https:\/\/www.omilia.de\/blog\/news\/\">News<\/a><\/span><br \/>\n<span class=\"ausbildung\"><a href=\"https:\/\/www.omilia.de\/blog\/ausbildung\/\">Ausbildung<\/a><\/span><\/p>\n<\/div><\/section><\/p><\/div><\/div><\/div><\/div><!-- close content main div --><\/div><\/div><div id='after_section_4' class='main_color av_default_container_wrap container_wrap sidebar_right'   ><div class='container' ><div class='template-page content  av-content-small alpha units'><div class='post-entry post-entry-type-page post-entry-1122'><div class='entry-content-wrapper clearfix'><\/div><\/div><\/div><!-- close content main div --><\/div><\/div><div id='av-layout-grid-1' class='av-layout-grid-container entry-content-wrapper main_color av-flex-cells   av-medium-hide av-small-hide av-mini-hide  bildebene container_wrap sidebar_right'   >\n<div class=\"flex_cell no_margin av_one_half    av-zero-padding \" style='vertical-align:top; padding:0px; '><div class='flex_cell_inner' ><\/div><\/div><div class=\"flex_cell no_margin av_one_half    av-zero-padding \" style='vertical-align:top; padding:0px; '><div class='flex_cell_inner' ><div class=\"flex_column av_one_full  no_margin flex_column_div av-zero-column-padding first   \" style='margin-bottom:-147px; border-radius:0px; '><div class='avia-image-container  av-styling-     avia-align-right '  itemprop=\"ImageObject\" itemscope=\"itemscope\" itemtype=\"https:\/\/schema.org\/ImageObject\"  ><div class='avia-image-container-inner'><div class='avia-image-overlay-wrap'><img class='avia_image ' src='https:\/\/www.omilia.de\/blog\/wp-content\/uploads\/2018\/08\/group-15.png' alt='' title='group-15' height=\"229\"width=\"386\"  itemprop=\"thumbnailUrl\"  \/><\/div><\/div><\/div><\/div>\n<\/div><\/div>\n<\/div><\/p>\n<\/div><\/div><\/div><!-- close content main div --><\/div><\/div><div id='av-layout-grid-2' class='av-layout-grid-container entry-content-wrapper main_color av-flex-cells   av-medium-hide av-small-hide av-mini-hide  newsletter container_wrap sidebar_right'   >\n<div class=\"flex_cell no_margin av_one_half    \" style='height:147px; min-height:147px;background: #7ad3b1; vertical-align:top; padding:28px; background-color:#7ad3b1; '><div class='flex_cell_inner' ><p><div class=\"flex_column av_one_full  flex_column_div first  newsletteranmeldung \" style='margin-top:0px; margin-bottom:18px; background: #bce9d8; padding:3px; background-color:#bce9d8; border-radius:15px; '><div style='padding-bottom:0px; color:#25506e;font-size:14px;' class='av-special-heading av-special-heading-h3 custom-color-heading blockquote modern-quote modern-centered  newsletterheadline av-inherit-size '><h3 class='av-special-heading-tag '  itemprop=\"headline\"  >Melden Sie sich f\u00fcr den Newsletter an!<\/h3><div class='special-heading-border'><div class='special-heading-inner-border' style='border-color:#25506e'><\/div><\/div><\/div><\/div><section class=\"avia_codeblock_section  avia_code_block_0\"  itemscope=\"itemscope\" itemtype=\"https:\/\/schema.org\/BlogPosting\" itemprop=\"blogPost\" ><div class='avia_codeblock '  itemprop=\"text\" > [avia_codeblock_placeholder uid=\"0\"] <\/div><\/section><\/p>\n<\/div><\/div><div class=\"flex_cell no_margin av_one_half    av-zero-padding \" style='height:147px; min-height:147px;background: #7ad3b1; vertical-align:top; padding:0px; background-color:#7ad3b1; '><div class='flex_cell_inner' ><\/div><\/div>\n<\/div>\n<\/div><\/div><\/div><!-- close content main div --><\/div><\/div><div id='av-layout-grid-3' class='av-layout-grid-container entry-content-wrapper main_color av-flex-cells   av-medium-hide av-small-hide av-mini-hide  seotexte1 container_wrap sidebar_right'   >\n<div class=\"flex_cell no_margin av_one_third    \" style='vertical-align:top; padding:0px 0px 0px 0px ; '><div class='flex_cell_inner' ><div class='avia-image-container  av-styling-    iphone avia-align-left '  itemprop=\"ImageObject\" itemscope=\"itemscope\" itemtype=\"https:\/\/schema.org\/ImageObject\"  ><div class='avia-image-container-inner'><div class='avia-image-overlay-wrap'><img class='avia_image ' src='https:\/\/www.omilia.de\/blog\/wp-content\/uploads\/2018\/08\/phone-img.png' alt='' title='phone-img' height=\"508\"width=\"302\"  itemprop=\"thumbnailUrl\"  \/><\/div><\/div><\/div>\n<\/div><\/div><div class=\"flex_cell no_margin av_two_third    \" style='vertical-align:bottom; padding:0px 0px 32px 0px ; '><div class='flex_cell_inner' ><p><div style='padding-bottom:32px; color:#7ad3b1;font-size:36px;' class='av-special-heading av-special-heading-h3 custom-color-heading blockquote modern-quote  headlinepartner1 av-inherit-size '><h3 class='av-special-heading-tag '  itemprop=\"headline\"  >Folge uns auf Facebook und Instagram!<\/h3><div class='special-heading-border'><div class='special-heading-inner-border' style='border-color:#7ad3b1'><\/div><\/div><\/div><br \/>\n<div class='flex_column_table av-equal-height-column-flextable -flextable' style='margin-top:0px; margin-bottom:-100px; '><div class=\"flex_column av_one_half  flex_column_table_cell av-equal-height-column av-align-top first   \" style='padding:0px 0px 0px 100px ; border-radius:0px; '><section class=\"av_textblock_section \"  itemscope=\"itemscope\" itemtype=\"https:\/\/schema.org\/BlogPosting\" itemprop=\"blogPost\" ><div class='avia_textblock socialiconsunten av_inherit_color '  style='font-size:18px; color:#25506e; '  itemprop=\"text\" ><p><a href=\"https:\/\/www.facebook.com\/omiliafreieredner\/\"><span class=\"av_font_icon avia_animate_when_visible  av-icon-style-  avia-icon-pos-left \" style=\"color:#25506e; border-color:#25506e;\"><span class='av-icon-char' style='font-size:20px;line-height:20px;' aria-hidden='true' data-av_icon='\ue8f3' data-av_iconfont='entypo-fontello' ><\/span><\/span> Facebook<\/a><\/p>\n<\/div><\/section><\/div><\/div><!--close column table wrapper. Autoclose: 1 --><div class='flex_column_table av-equal-height-column-flextable -flextable' style='margin-top:0px; margin-bottom:-100px; '><div class='av-flex-placeholder'><\/div><div class=\"flex_column av_one_half  flex_column_table_cell av-equal-height-column av-align-top    \" style='padding:0px 0px 0px 50px ; border-radius:0px; '><section class=\"av_textblock_section \"  itemscope=\"itemscope\" itemtype=\"https:\/\/schema.org\/BlogPosting\" itemprop=\"blogPost\" ><div class='avia_textblock socialiconsunten av_inherit_color '  style='font-size:18px; color:#25506e; '  itemprop=\"text\" ><p><a href=\"https:\/\/www.instagram.com\/omilia_freie_redner\/\"><span class=\"av_font_icon avia_animate_when_visible  av-icon-style-  avia-icon-pos-left \" style=\"color:#25506e; border-color:#25506e;\"><span class='av-icon-char' style='font-size:20px;line-height:20px;' aria-hidden='true' data-av_icon='\ue909' data-av_iconfont='entypo-fontello' ><\/span><\/span> Instagram<\/a><\/p>\n<\/div><\/section><\/div><\/div><!--close column table wrapper. Autoclose: 1 --><\/p>\n<\/div><\/div>\n<\/div>\n<\/div><\/div><\/div><!-- close content main div --><\/div><\/div><div id='av-layout-grid-4' class='av-layout-grid-container entry-content-wrapper main_color av-flex-cells   av-medium-hide av-small-hide av-mini-hide   container_wrap sidebar_right'   >\n<div class=\"flex_cell no_margin av_one_full    \" style='height:70px; min-height:70px;background: #7ad3b1; vertical-align:top; padding:5px 0px 0px 0px ; background-color:#7ad3b1; '><div class='flex_cell_inner' ><section class=\"av_textblock_section \"  itemscope=\"itemscope\" itemtype=\"https:\/\/schema.org\/BlogPosting\" itemprop=\"blogPost\" ><div class='avia_textblock test123 av_inherit_color '  style='font-size:16px; color:#ffffff; '  itemprop=\"text\" ><\/div><\/section>\n<\/div><\/div>\n<\/div>\n<\/div><\/div><\/div><!-- close content main div --><\/div><\/div><div id='av-layout-grid-5' class='av-layout-grid-container entry-content-wrapper main_color av-fixed-cells   av-desktop-hide   container_wrap sidebar_right'   >\n<div class=\"flex_cell no_margin av_one_half    \" style='height:70px; min-height:70px;background: #7ad3b1; vertical-align:top; padding:0px 0px 0px 0px ; background-color:#7ad3b1; '><div class='flex_cell_inner' ><p><div class='flex_column_table av-equal-height-column-flextable -flextable' style='margin-top:0px; margin-bottom:0px; '><div class=\"flex_column av_one_full  flex_column_table_cell av-equal-height-column av-align-top first   \" style='padding:20px 30px 10px 30px ; border-radius:0px; '><section class=\"av_textblock_section \"  itemscope=\"itemscope\" itemtype=\"https:\/\/schema.org\/BlogPosting\" itemprop=\"blogPost\" ><div class='avia_textblock socialiconsunten av_inherit_color '  style='font-size:18px; color:#25506e; '  itemprop=\"text\" ><p><a href=\"https:\/\/www.facebook.com\/omiliafreieredner\/\"><span class=\"av_font_icon avia_animate_when_visible  av-icon-style-  avia-icon-pos-left \" style=\"color:#25506e; border-color:#25506e;\"><span class='av-icon-char' style='font-size:20px;line-height:20px;' aria-hidden='true' data-av_icon='\ue8f3' data-av_iconfont='entypo-fontello' ><\/span><\/span> Facebook<\/a><\/p>\n<\/div><\/section><\/div><\/div><!--close column table wrapper. Autoclose: 1 --><section class=\"av_textblock_section \"  itemscope=\"itemscope\" itemtype=\"https:\/\/schema.org\/BlogPosting\" itemprop=\"blogPost\" ><div class='avia_textblock test123 av_inherit_color '  style='font-size:16px; color:#ffffff; '  itemprop=\"text\" ><\/div><\/section><\/p>\n<\/div><\/div><div class=\"flex_cell no_margin av_one_half    av-zero-padding \" style='height:70px; min-height:70px;background: #7ad3b1; vertical-align:top; padding:0px; background-color:#7ad3b1; '><div class='flex_cell_inner' ><div class=\"flex_column av_one_full  flex_column_div first   \" style='padding:20px 30px 10px 30px ; border-radius:0px; '><section class=\"av_textblock_section \"  itemscope=\"itemscope\" itemtype=\"https:\/\/schema.org\/BlogPosting\" itemprop=\"blogPost\" ><div class='avia_textblock socialiconsunten av_inherit_color '  style='font-size:18px; color:#25506e; '  itemprop=\"text\" ><p><a href=\"https:\/\/www.instagram.com\/omilia_freie_redner\/\"><span class=\"av_font_icon avia_animate_when_visible  av-icon-style-  avia-icon-pos-left \" style=\"color:#25506e; border-color:#25506e;\"><span class='av-icon-char' style='font-size:20px;line-height:20px;' aria-hidden='true' data-av_icon='\ue909' data-av_iconfont='entypo-fontello' ><\/span><\/span> Instagram<\/a><\/p>\n<\/div><\/section><\/div>\n<\/div><\/div>\n<\/div>\n","protected":false},"excerpt":{"rendered":"","protected":false},"author":1,"featured_media":0,"parent":0,"menu_order":0,"comment_status":"closed","ping_status":"closed","template":"","meta":[],"_links":{"self":[{"href":"https:\/\/www.omilia.de\/blog\/wp-json\/wp\/v2\/pages\/1122"}],"collection":[{"href":"https:\/\/www.omilia.de\/blog\/wp-json\/wp\/v2\/pages"}],"about":[{"href":"https:\/\/www.omilia.de\/blog\/wp-json\/wp\/v2\/types\/page"}],"author":[{"embeddable":true,"href":"https:\/\/www.omilia.de\/blog\/wp-json\/wp\/v2\/users\/1"}],"replies":[{"embeddable":true,"href":"https:\/\/www.omilia.de\/blog\/wp-json\/wp\/v2\/comments?post=1122"}],"version-history":[{"count":5,"href":"https:\/\/www.omilia.de\/blog\/wp-json\/wp\/v2\/pages\/1122\/revisions"}],"predecessor-version":[{"id":1137,"href":"https:\/\/www.omilia.de\/blog\/wp-json\/wp\/v2\/pages\/1122\/revisions\/1137"}],"wp:attachment":[{"href":"https:\/\/www.omilia.de\/blog\/wp-json\/wp\/v2\/media?parent=1122"}],"curies":[{"name":"wp","href":"https:\/\/api.w.org\/{rel}","templated":true}]}}